 = -5*v - 0*v. Calculate the remainder when 6 is divided by v.
2
Let n = -14 - -23. Suppose -n = -2*t + 5. What is the remainder when t is divided by 3?
1
Let n = 17 - 9. What is the remainder when 17 is divided by (8 - 3)*n/4?
7
Let g be 6/3 - (-27 + -2). Suppose 0 = 4*z + 3*m - 77, z - g = -z - 3*m. Let o(d) = -2*d**3 + 8*d**2 - d - 3. Calculate the remainder when z is divided by o(3).
11
Suppose 5*d = -0*d + 20. Suppose -376 + 32 = -d*r. Calculate the remainder when r is divided by 29.
28
Suppose -6 = x - 3*x + 2*g, 0 = -x - 5*g + 9. Suppose 0*h = -x*h. Let f(t) = t + 32. Calculate the remainder when f(h) is divided by 17.
15
Let u(m) = -m**2 + 5*m + 3. Let b be u(-4). Let p(f) = -18*f - 67. Calculate the remainder when (-1)/(-3)*-4*b is divided by p(-5).
21
Calculate the remainder when ((-174)/9)/(-3 + (-25)/(-9)) is divided by 9.
6
Let o = 22 + 3. What is the remainder when o is divided by 14?
11
Suppose -3*y = y - 5*d - 140, 20 = 5*d. Calculate the remainder when y is divided by 26.
14
Let l be (-2 - -12)/(5 + -3). Suppose -f - 12 = -l*t + 6, 5*t + 3 = 4*f. Calculate the remainder when (1 + 11/2)*2 is divided by f.
6
Let a = -43 + 45. Suppose 4*i - 5 = 7. Calculate the remainder when i is divided by a.
1
Let j be (2 + 0)*(-3)/(-3). Suppose -2*r - 26 = -4*s, 2*s = -2*s - j*r + 14. What is the remainder when 12 is divided by s?
2
Let g(h) = h - 8. Let s(q) = -1 + 0*q**2 - q**2 + 10 - q. What is the remainder when s(0) is divided by g(11)?
0
Suppose -3*d - 9 = -51. Calculate the remainder when 40 is divided by d.
12
Let a = -19 + 27. What is the remainder when 14 is divided by a?
6
Suppose -3*g - 2 + 351 = 4*c, 0 = -2*g - 2. What is the remainder when c is divided by 30?
28
Calculate the remainder when (-33)/5*8/(24/(-15)) is divided by 6.
3
Suppose -4*y - y + 55 = 0. What is the remainder when y is divided by 6?
5
Let z be (-2)/3 - 105/(-9). Suppose -3*n + 4 = -z. What is the remainder when n is divided by 3?
2
Let v = -25 - -14. Let y = v - -38. Calculate the remainder when y is divided by 7.
6
Let x be 425/9 + (-6)/27. Let d = -3 + x. Calculate the remainder when d is divided by (-292)/(-20) + (-4)/(-10).
14
Let i(k) be the third derivative of k**5/60 - k**4/6 + k**3 - k**2. Suppose 10 = -4*b + 5*b. Calculate the remainder when b is divided by i(4).
4
Let p be (3/(-2))/((-12)/(-16)). Calculate the remainder when p/13 - (-197)/13 is divided by 4.
3
Let n be (-4)/18 - 38/(-9). Suppose 4*z = -3*g - 1800, -6*g = -n*g - 2*z + 1200. What is the remainder when g/(-27) + (-2)/9 is divided by 12?
10
Suppose -5*t = -5*o + 30, -4*t = 2*o + 2*o. What is the remainder when (-10)/t*462/35 is divided by 23?
21
Let x(y) = 20*y**2 - y. Let n be x(-1). Suppose -3*o - 24 = -7*o. Calculate the remainder when (-2 + 1)*(6 - n) is divided by o.
3
Suppose -p + 0*p - 4*g = -19, -3*g = -5*p + 26. What is the remainder when p is divided by 3?
1
Let v(s) = s**2 + 4*s - 6. Let j be v(-5). Calculate the remainder when 0/j - (-7 - 6) is divided by 3.
1
Let h = 73 - 51. Let z(s) = -s**2 + 4*s + 5. Let v be z(4). Suppose 0 = 5*y - y - 4, -d + y = -v. What is the remainder when h is divided by d?
4
Let i = -42 - -83. What is the remainder when i is divided by 15?
11
Let i(a) = a**3 + 5*a**2 - 6*a + 4. Suppose 22 = 2*q - j, -4*q - j = -8*q + 44. Calculate the remainder when q is divided by i(-6).
3
Suppose 427 + 423 = 5*c. Suppose 2*o - 3*b = 4*o - 96, 0 = 4*o - 5*b - c. What is the remainder when o is divided by 12?
9
Suppose -q + 6*h = 2*h - 78, -4*q + 242 = -2*h. What is the remainder when q is divided by (-2)/(((-2)/1)/20)?
18
Suppose 0 = 5*b - 8 - 7. What is the remainder when 46 is divided by -16*b/12*-2?
6
Let z = -32 - -64. What is the remainder when 61 is divided by z?
29
Suppose -47 = -3*m + 40. Calculate the remainder when 56 is divided by m.
27
Suppose u + 1 - 3 = 0. Suppose u*z - 13 - 13 = 0. What is the remainder when z is divided by 7?
6
Suppose i - 3*b + 1 = 0, 0 = -3*i + 3*b - b + 25. Calculate the remainder when 21 is divided by i.
10
Let a = -34 - -21. Let i = 23 + a. What is the remainder when 17 is divided by i?
7
Let n(q) = -3*q - 8. Let d be n(-4). Suppose 7*j = 2*j + m + 294, -63 = -j - d*m. Calculate the remainder when j is divided by 12.
11
Let u be (10/(-2) + -1)*-3. Let i = -10 + u. Suppose 0 = -2*v + 3*v - 3. What is the remainder when i is divided by v?
2
Suppose 0 = -3*o - 2*o + 4*t + 10, 0 = -5*t. Suppose 3*j + x = 52, -o*x = 2*j + 2*x - 28. What is the remainder when 53 is divided by j?
17
Let w = 3 - -7. What is the remainder when 17 is divided by w?
7
Let v(s) = 3*s - 9. What is the remainder when 33 is divided by v(6)?
6
Suppose 3*t = -8 + 11. What is the remainder when 1 is divided by t?
0
What is the remainder when 1092/18 - (-2)/(-3) is divided by 21?
18
Suppose 8*t - 3*t - 2*u = 77, -5*t - 4*u + 71 = 0. What is the remainder when t is divided by 6?
3
What is the remainder when (-4)/(-30) + 4/(300/2615) is divided by 6?
5
Let w = -37 + 22. Calculate the remainder when (-3)/w + (-234)/(-5) is divided by 16.
15
Suppose 0 = 5*j - 5*h - 20, j = 3*j + 5*h - 29. What is the remainder when 26 is divided by j?
5
Suppose -11*d = -10*d - 73. What is the remainder when d is divided by 19?
16
Calculate the remainder when ((-4)/(-6))/(16/504) is divided by 8.
5
Suppose 3*b - 2*b - 9 = -2*v, -2*v = -3*b - 5. Suppose 3*n - 70 = -b. Calculate the remainder when n is divided by (-42)/(-9)*(-36)/(-14).
11
Let w be ((-1)/(-2))/((-1)/(-4)). Let o = -1 + w. What is the remainder when 60/(2 + o/(-2)) is divided by 21?
19
Let p be (60/4 - 0)*1. Let i = p + -10. Calculate the remainder when i is divided by (6/(-2))/(-2 + 1).
2
Let p = 20 - 12. Calculate the remainder when 13 is divided by p.
5
Let k = 5 - 0. Suppose -94 = -2*z + 2*a, 0*a = k*z + 4*a - 253. Calculate the remainder when z is divided by 13.
10
Suppose s = -5*f + 33, -3*s - s = 4*f - 36. Calculate the remainder when 14 is divided by f.
2
Suppose 10 = 5*u + 3*d, 0 = 5*u - 3*d - 1 - 9. What is the remainder when -2 - -3*8/6 is divided by u?
0
Suppose 3*q = 0, 4*q - 2 = -4*s + 58. Calculate the remainder when 56 is divided by s.
11
Let k be (100 + 0)*(2 - 1). Suppose -d + k = 3*d. Calculate the remainder when d is divided by 9.
7
Let x(l) = l**3 - 4*l**2 + 2*l - 2. Let n be x(4). Calculate the remainder when 7 is divided by ((-3)/(-2))/(n/16).
3
Suppose 3*d + 4*g + g = -18, -3*g - 6 = -3*d. Let r(b) = 25*b**2 - 1. Calculate the remainder when 93 is divided by r(d).
21
Let w = 187 - 169. Calculate the remainder when 89 is divided by w.
17
Suppose 5*o + 90 = 5*h, -4*o + 0*o - 94 = -5*h. Calculate the remainder when 64 is divided by h.
20
Suppose 4*l = 3*a + 9, -a + 5*l = 2*l + 8. Suppose 2*g + 2*w = -0*g + 32, 2*w + 8 = 0. Calculate the remainder when g is divided by ((-1)/a)/((-2)/14).
6
Let w = 153 + -57. Suppose 4*k - k - w = 0. Suppose 4*r - m + 11 - 31 = 0, -4*r + k = -4*m. What is the remainder when r is divided by 2?
0
Suppose 4*o - 132 = -7*o. Calculate the remainder when o is divided by 7.
5
Suppose 2*b = 4 - 0. What is the remainder when 8 is divided by (3/b)/(8/16)?
2
Suppose 4*i = 331 - 47. What is the remainder when i is divided by 12?
11
Let t = 2 + 9. Calculate the remainder when (64/20)/((-1)/(-10)) is divided by t.
10
Suppose 1 - 2 = r. Let l(q) = -3*q**3 - q**2 + 2*q + 2. Calculate the remainder when r/((-3)/2 - -1) is divided by l(-1).
0
Suppose 0*n + 162 = 4*r + 2*n, 0 = -4*r - 4*n + 172. Calculate the remainder when 150 is divided by r.
36
Let l(o) be the third derivative of -o**5/60 - o**4/3 + 5*o**3/3 + o**2. Let i = 3 - 2. Calculate the remainder when l(-9) is divided by i.
0
Suppose 0*n = -3*y - n + 62, 0 = 4*y + 2*n - 82. Let c(q) = -q**3 + 7*q + q**2 + y - 7*q. Calculate the remainder when c(0) is divided by 8.
5
Let m = -44 - -67. What is the remainder when m is divided by 13?
10
Suppose 0 = -5*s + 3*w + 21, -3*s + 2*w + 12 + 1 = 0. Suppose 13 = s*b - 2*b. What is the remainder when b is divided by 21*2*2/12?
6
Let a(k) = -k**3 + 11*k - 9. Calculate the remainder when a(-4) is divided by 8.
3
Let m(d) be the third derivative of 3*d**2 + 1/60*d**5 + 0*d + 0 - 1/24*d**4 + 25/6*d**3. What is the remainder when m(0) is divided by 13?
12
Let q = 23 + -8. Suppose 15*r + 12